 + 261. Let a(m) = -18*m - 1924. Let s be a(-107). Suppose 3*j = s*d - 333, -5*d + z = -4*j - 576. What is the tens digit of d?
6
Let j = 222 + -262. Let g = -22 - 7. Let z = g - j. What is the tens digit of z?
1
Let f(p) = p**3 + 12*p**2 + 9*p - 3. Let u be f(-10). Let t = -95 + u. Suppose -t*r = -13*r + 173. What is the units digit of r?
3
Let z be 3/(-3) - 16/(-1 - 3). Suppose 22 = 4*d - 2*n, d + 3*n + 13 = z*d. Let r(h) = h**3 - h**2 - 4*h - 13. What is the units digit of r(d)?
7
Suppose -26 = 4*h + 34. Let i = h - 99. What is the units digit of (i/4)/(9/(-18))?
7
Let l = 21845 + 2814. What is the units digit of l?
9
Let q(p) = -p**2 - 12*p + 32. Let a = 73 - 84. What is the units digit of q(a)?
3
Let u(i) = 6375*i + 229. What is the units digit of u(3)?
4
Let w be -2*1 - (-15 + 13). Suppose 4*r + w*r = 4. What is the tens digit of r/(2 - (-98)/(-50))?
2
Let v(u) = 13*u + 16. Let r be v(3). Suppose 243 = 5*t + 5*y - 2*y, y + r = t. Suppose -p - 2*f = -3*f - t, f = -5*p + 249. What is the units digit of p?
0
Suppose -2*l + 5*u + 96 = 0, -515 = -2*l + 4*u - 421. Suppose 5*g + 5*j = 70, j + 15 = 6*j. Let q = l + g. What is the tens digit of q?
5
Suppose 0 = 3*m + 3, -2*h - 13365 = -5*m - 84168. What is the thousands digit of h?
5
Suppose -257*g - o + 14072 = -256*g, 0 = 5*g - 4*o - 70432. What is the units digit of g?
0
Suppose 3*p - 2*s = -4, 0 = -0*s - 2*s - 2. Let v(g) = -2*g**3 - 3*g**2 + g + 2. Let k be v(p). What is the units digit of 153 + (-81)/(-18) + (-6)/k?
6
Let u = 56 + -45. Let r(i) = -i**2 + 3*i + 8. Let x be r(u). What is the tens digit of (-6)/4*x/12?
1
Suppose 2*y = 5*s - 1464, 2*s + 12*y = 7*y + 574. Let i = 0 - 0. Suppose 4*u - s = -i*u. What is the units digit of u?
3
Let y(o) = 21*o**2 + 2*o + 1. Let t be y(2). Let b(z) = -9*z - 36. Let g be b(-4). Suppose g = k + 2*m - t, k = 2*m + 35 + 58. What is the units digit of k?
1
Let y be (-5)/(-3)*(9 - (-1 + 7)). Suppose 3048 = y*v + 2*i, 3*v + 5*i - 768 = 1076. What is the units digit of v?
8
Let t(n) = n**3 - 35*n**2 - 70*n - 46. Let r be (1*3)/(63/777). What is the tens digit of t(r)?
0
Suppose 2838 = y + 4*j, -3*y + 2*j + 3179 + 5293 = 0. What is the tens digit of (-240)/(-96)*y/5?
1
Let x = -334 - -179. Let o = x - -84. Let d = o - -121. What is the tens digit of d?
5
Let i(n) be the second derivative of n**4/3 + 11*n**3/6 - 7*n**2/2 - 11*n. Suppose 17 = 12*d + 89. What is the tens digit of i(d)?
7
Let s = 2436 + 4166. What is the tens digit of s?
0
Let n be 4/(-1 + 14*4/40). Suppose 0 = -5*t + n*t - 2*z - 761, -t + z = -154. Suppose 2*u + 2*u - 699 = -y, -u - 5*y = -t. What is the hundreds digit of u?
1
What is the thousands digit of (-2)/10 + 1141482/85?
3
Suppose 651981 = 64*i - 1432115. What is the ten thousands digit of i?
3
Suppose 6*a = 3*a + 9. Let j(g) be the first derivative of 3*g**4/2 + g**3/3 + 3*g**2 - 25*g + 325. What is the units digit of j(a)?
4
Suppose -2*d + 12 = -2*n + 2, 5*d - 25 = -5*n. Let m(g) = -2*g + 12. Let p be m(d). What is the tens digit of -43*p/(-2 - 0)?
4
Suppose -4 = 5*x - 4. Let w be (-1 - x - 0 - -5)*1. Suppose w*j - 2*j - 198 = 0. What is the tens digit of j?
9
Let h be 2 + 2 - (-2 - 4 - 36). Suppose -6*m = -218 + 14. Let v = h + m. What is the tens digit of v?
8
Let v = 380 - 378. Suppose -2*f + 93 = 2*i - 75, -v*i + 5*f = -133. What is the tens digit of i?
7
Let l = 876 + 2276. What is the units digit of l?
2
Suppose 0 = 5*s + 2*r - 5, 1 = -3*s + r - 7. Let a(y) = -76*y**2 - 6*y - 6. Let b be a(s). Let w = 167 + b. What is the units digit of w?
1
Suppose -13*t + 102033 + 16767 = -2*t. What is the hundreds digit of t?
8
Suppose h - 848 = -254. Let u = h + -211. Suppose -4*a + 82 = -2*d - 316, -4*a = 3*d - u. What is the units digit of a?
8
Let h(d) = 164*d**2 + 46*d + 352. What is the tens digit of h(-7)?
6
Suppose -7*i = -48 - 1. Suppose -a = k - 195, -2*k - 987 = -i*k - 2*a. What is the units digit of k?
9
Suppose -3*o + 182 = -5*v + 69, 3*o = -v + 143. Let h = 1211 + o. What is the thousands digit of h?
1
Let x be 1 + 0 - (-3 + -1). Suppose l + 4*a - 57 = 6*a, 272 = 5*l + 3*a. Suppose -l = -x*r + 360. What is the units digit of r?
3
Suppose 0 = 47*z - 17573 - 56123. Let m = z + -1054. What is the tens digit of m?
1
Suppose -5*d - 9*g + 10*g = -80, 0 = 3*d + 4*g - 25. Let z be ((-30)/d)/((-2)/(-133)). Let r = z + 337. What is the units digit of r?
4
Suppose -3*t + 2 = -g + 15, 4*t = g - 15. Suppose -g*q = -94 - 11. What is the tens digit of ((-12)/q)/((8/270)/(-2))?
5
Let t = -7574 + 10789. What is the hundreds digit of t?
2
Suppose 10*m = -2*m - 48. Let p = m + 43. Suppose -33*n + p*n - 660 = 0. What is the units digit of n?
0
Let n be (2/(-11) + (-2)/(-11))/(-1). Suppose -o + 119 - 48 = -5*b, n = -3*o - 3*b + 285. What is the units digit of ((-4)/2 + -1 + o)*1?
8
Let k be (2 - (-42)/(-30))*145. Suppose -248 = 83*a - k*a. What is the units digit of a?
2
Suppose 5*j - s = 24, 16 = -j + 3*s + 32. Suppose -2*g = -j*n - 934, -3*n + 2400 = 5*g - 0*n. What is the hundreds digit of g?
4
Let m = 279 + 1085. What is the hundreds digit of m?
3
Suppose -1567566 = 50*g - 149*g. What is the hundreds digit of g?
8
Suppose -3*y - 4*z = -131889, y = -170*z + 174*z + 43963. What is the ten thousands digit of y?
4
Suppose -281*n = -275*n + 192. What is the tens digit of -4 + -2 - (n - 3)?
2
Suppose -52*f - 1212889 + 2484985 = -3145824. What is the hundreds digit of f?
9
Let w(m) = m**2 + 4*m + 3. Let h be w(-1). Suppose h = 5*c + y - 0*y - 761, -5*y + 765 = 5*c. Let t = 218 - c. What is the tens digit of t?
6
What is the hundreds digit of 20/160 + (-1685938)/(-112) - 4/28?
0
Let b = -225 - -227. Suppose b*w - 574 = -2*j, -3*j + 0*j + 856 = 4*w. What is the tens digit of j?
9
Let c(y) = y**2 - 6*y - 6. Suppose -5*f + 5 = 0, 0 = -5*l + 2*f - 77 - 25. Let x be l/6 - (-10)/(-15). What is the units digit of c(x)?
4
Let k = 80 - 100. Let v = 55 - k. What is the units digit of v?
5
Suppose 0 = 2*l + 2, -5*z + 5 + 4 = l. Suppose -z*h + 223 = -5*r + 38, -4*h = 5*r - 295. What is the units digit of h?
0
Suppose -22630 = -81*w + 96683. What is the thousands digit of w?
1
Let k(s) = 122*s - 410. Let o be k(8). Let p = -387 + o. What is the tens digit of p?
7
Let f(m) = -m + 10. Let w be f(6). Suppose -6*b + 6 = -w*b. Suppose -31 - 76 = -b*z - 2*q, 25 = -5*q. What is the units digit of z?
9
Let s be 1*((-2)/5 + (-4)/(-10)). Suppose 2*g + 2*y - 237 = 437, s = -4*g + 4*y + 1324. What is the units digit of g?
4
Suppose 2478 = 6*l - 5*l. Suppose 15*d - 9*d = l. What is the tens digit of d?
1
Suppose 264 + 262 = a. Let o = a - -18. What is the tens digit of o?
4
Suppose -67*l + 66*l + 5*j = -26960, 107790 = 4*l + 5*j. What is the ten thousands digit of l?
2
Suppose 13154*t = 13146*t + 61328. What is the tens digit of t?
6
Suppose -27 - 68 = -19*w. Suppose 4*u + 78 + 130 = t, -w*u + 790 = 4*t. What is the tens digit of t?
0
Let v(q) be the second derivative of -7*q**3/3 + 161*q**2 - 60*q. What is the units digit of v(-27)?
0
Let x(l) = 3*l + 8. Let o be x(-2). Let b(d) = d. Let j be b(o). Suppose 0 = -5*h - 4*t + j*t + 794, -4*t = 4*h - 640. What is the units digit of h?
8
Let d be -2*35/(-15) - 2/(-6). Suppose -4*z = d*c - 3*c - 186, 424 = 4*c - 5*z. What is the tens digit of c?
0
What is the ten thousands digit of (-3)/((-12)/276016) - (-735)/(-245)?
6
Let v(s) = -s**3 + 7*s**2 + 11*s + 7. Let j(o) = 2*o**2 + 2*o - 2. Let n be j(-2). Suppose 4*p + 32 = 4*i, p - n*p = -5*i + 40. What is the units digit of v(i)?
1
Let m(s) = -37*s + 459. Let z be m(38). Let p = z + 2252. What is the thousands digit of p?
1
Let o(z) = -3*z**2 + 17*z + 9. Let r be o(6). What is the units digit of (-117)/(-2) + (1 - r)/4?
8
Let v(k) = k**2 + k - 1. Let n(d) = 17*d**2 - 7*d + 4. Let h(q) = n(q) + 4*v(q). What is the tens digit of h(2)?
7
Let x(f) = -1 + 54*f**2 + 32*f**2 + 2*f - 5*f - 36*f**2. What is the hundreds digit of x(3)?
4
Suppose 12*q = -13*q + 5*q + 74280. What is the tens digit of q?
1
Let c(h) be the second derivative of -h**3/3 + 109*h**2/2 - 2*h + 10. What is the tens digit of c(21)?
6
Let f = 8 - -11. Let j = -46 + f. What is the tens digit of ((-32)/(-3))/((-18)/j)?
1
Suppose -2*p - 4 - 4 = 0. Let w(z) = 20*z**2 + 15*z + 44. What is the tens digit of w(p)?
0
What is t